-- http://www.phpmyadmin.net
--
-- Servidor: localhost:3306
-- Tiempo de generación: 14-11-2014 a las 14:33:33
-- Versión del servidor: 5.5.29-0ubuntu0.12.04.1
-- Versión de PHP: 5.3.29

START TRANSACTION;



--
-- Base de datos: `digitalesprint_development`
--

-- --------------------------------------------------------

--
-- Estructura de tabla para la tabla `active_admin_comments`
--

CREATE TABLE IF NOT EXISTS `active_admin_comments` (
  `id` int(11) NOT NULL AUTO_INCREMENT,
  `namespace` varchar(255) COLLATE utf8_unicode_ci DEFAULT NULL,
  `body` text COLLATE utf8_unicode_ci,
  `resource_id` varchar(255) COLLATE utf8_unicode_ci NOT NULL,
  `resource_type` varchar(255) COLLATE utf8_unicode_ci NOT NULL,
  `author_id` int(11) DEFAULT NULL,
  `author_type` varchar(255) COLLATE utf8_unicode_ci DEFAULT NULL,
  `created_at` datetime NOT NULL,
  `updated_at` datetime NOT NULL,
  PRIMARY KEY (`id`),
  KEY `index_active_admin_comments_on_namespace` (`namespace`),
  KEY `index_active_admin_comments_on_author_type_and_author_id` (`author_type`,`author_id`),
  KEY `index_active_admin_comments_on_resource_type_and_resource_id` (`resource_type`,`resource_id`)
) ENGINE=InnoDB DEFAULT CHARSET=utf8 COLLATE=utf8_unicode_ci AUTO_INCREMENT=1 ;

-- --------------------------------------------------------

--
-- Estructura de tabla para la tabla `gallery_items`
--

CREATE TABLE IF NOT EXISTS `gallery_items` (
  `id` int(11) NOT NULL AUTO_INCREMENT,
  `gallery_id` int(11) DEFAULT NULL,
  `gallery_type` varchar(255) DEFAULT NULL,
  `image_file_name` varchar(255) DEFAULT NULL,
  `image_content_type` varchar(255) DEFAULT NULL,
  `image_file_size` int(11) DEFAULT NULL,
  `image_updated_at` datetime DEFAULT NULL,
  `created_at` datetime NOT NULL,
  `updated_at` datetime NOT NULL,
  `title` varchar(255) DEFAULT NULL,
  PRIMARY KEY (`id`)
) ENGINE=InnoDB  DEFAULT CHARSET=utf8 AUTO_INCREMENT=71 ;

--
-- Volcado de datos para la tabla `gallery_items`
--

INSERT INTO `gallery_items` (`id`, `gallery_id`, `gallery_type`, `image_file_name`, `image_content_type`, `image_file_size`, `image_updated_at`, `created_at`, `updated_at`, `title`) VALUES
(1, 1, 'Product', 'foto3.jpg', 'image/jpeg', 69085, '2014-09-30 09:25:25', '2014-08-06 12:42:32', '2014-09-30 09:25:27', NULL),
(2, 1, 'Product', 'foto1.jpg', 'image/jpeg', 102501, '2014-09-30 09:25:27', '2014-08-13 14:51:45', '2014-09-30 09:25:31', 'Modelo 00143'),
(4, 2, 'Product', 'canvas.jpg', 'image/jpeg', 2611509, '2014-09-30 09:25:35', '2014-08-21 12:03:44', '2014-09-30 09:25:48', 'Canvas o lienzo'),
(5, 5, 'Product', 'Foto_estandar.jpeg', 'image/jpeg', 9312, '2014-09-30 09:25:49', '2014-09-03 12:06:45', '2014-09-30 09:25:50', 'Revelado de foto estándar'),
(8, 11, 'Product', 'Laminado_Digital_Esprint.png', 'image/png', 1220674, '2014-09-30 09:26:03', '2014-09-18 11:16:31', '2014-09-30 09:26:11', 'Laminado de fotos Digital Esprint'),
(9, 12, 'Product', 'Perlado.jpg', 'image/jpeg', 122517, '2014-09-30 09:26:11', '2014-09-18 12:03:45', '2014-09-30 09:26:14', 'Laminado de fotos perlado Digital Esprint'),
(10, 13, 'Product', 'Laminado_efecto_satinado_Desprint.jpg', 'image/jpeg', 33206, '2014-09-30 09:26:14', '2014-09-18 12:20:35', '2014-09-30 09:26:18', ''),
(29, 10, 'Product', 'foam.jpg', 'image/jpeg', 108008, '2014-09-30 09:27:58', '2014-09-18 23:13:46', '2014-09-30 09:28:00', 'Foam personalizado Digital Esprint'),
(30, 6, 'Product', 'IMG_0170RR_2_Retrato.jpg', 'image/jpeg', 125630, '2014-09-30 09:28:01', '2014-09-18 23:19:59', '2014-09-30 09:28:03', 'Lienzo fachada Universidad de Salamanca'),
(51, 28, 'Product', 'Carrete_revelado_analógico_digital_esprint.jpg', 'image/jpeg', 29822, '2014-10-30 14:00:00', '2014-10-30 14:00:03', '2014-10-30 14:00:03', 'pelicula fotográfica carrete analógico laboratorio digital esprint'),
(52, 9, 'Product', 'internet-315132_1280.jpg', 'image/jpeg', 237546, '2014-10-30 18:06:36', '2014-10-30 18:06:39', '2014-10-30 18:06:39', 'Revelado digital impresion fotográfica profesional'),
(59, 26, 'Product', 'ALBUM_SUPERIOR_DESPRINT.jpg', 'image/jpeg', 135862, '2014-11-03 14:29:59', '2014-11-03 14:30:01', '2014-11-03 14:30:01', 'ÁLBUM SUPERIOR DIGITAL ESPRINT LABORATORIO FOTOGRÁFICO SALAMANCA'),
(60, 27, 'Product', 'ALBUM_ELITE_DESPRINT.jpg', 'image/jpeg', 179496, '2014-11-03 14:31:20', '2014-11-03 14:31:22', '2014-11-03 14:31:22', 'ÁLBUM ÉLITE DIGITAL ESPRINT LABORATORIO FOTOGRÁFICO SALAMANCA'),
(62, 25, 'Product', 'ALBUM_ESTANDAR_DESPRINT.jpg', 'image/jpeg', 203159, '2014-11-03 20:32:07', '2014-11-03 20:32:10', '2014-11-03 20:32:10', 'ÁLBUM ESTÁNDAR DIGITAL ESPRINT LABORATORIO FOTOGRÁFICO SALAMANCA'),
(63, 29, 'Product', 'hand-66610_640.jpg', 'image/jpeg', 35319, '2014-11-03 22:06:34', '2014-11-03 22:06:37', '2014-11-03 22:06:37', 'Magic pizarra desprint'),
(64, 31, 'Product', 'girl-435444_1280.jpg', 'image/jpeg', 213327, '2014-11-03 22:54:09', '2014-11-03 22:54:12', '2014-11-03 22:54:12', 'Foto Poster Desprint'),
(67, 33, 'Product', 'Maletín_rústico1_.jpg', 'image/jpeg', 715232, '2014-11-11 13:41:21', '2014-11-11 13:41:25', '2014-11-11 13:41:25', 'Maletín rústico negro Desprint para álbum de fotos profesional'),
(68, 34, 'Product', 'Maleta_polyester_CREMALLERA.png', 'image/png', 312580, '2014-11-11 13:47:44', '2014-11-11 13:47:50', '2014-11-11 13:47:50', 'Maletín negro polyester Desprint, para álbum de fotos profesional'),
(69, 8, 'Product', 'Maleta_polyester_1.jpg', 'image/jpeg', 687868, '2014-11-11 13:54:39', '2014-11-11 13:54:42', '2014-11-11 13:54:42', 'Maleta básica polyester Desprint, para álbum de fotos profesional'),
(70, 35, 'Product', 'CAJA_MARFIL.jpg', 'image/jpeg', 43570, '2014-11-11 17:08:51', '2014-11-11 17:08:54', '2014-11-11 17:08:54', 'Maletín caja Desprint funda para álbum de fotos profesional');

-- --------------------------------------------------------

--
-- Estructura de tabla para la tabla `option_types`
--

CREATE TABLE IF NOT EXISTS `option_types` (
  `id` int(11) NOT NULL AUTO_INCREMENT,
  `name` varchar(255) DEFAULT NULL,
  `created_at` datetime NOT NULL,
  `updated_at` datetime NOT NULL,
  `hint` varchar(255) DEFAULT NULL,
  PRIMARY KEY (`id`),
  UNIQUE KEY `index_option_types_on_name` (`name`)
) ENGINE=InnoDB  DEFAULT CHARSET=utf8 AUTO_INCREMENT=26 ;

--
-- Volcado de datos para la tabla `option_types`
--

INSERT INTO `option_types` (`id`, `name`, `created_at`, `updated_at`, `hint`) VALUES
(5, 'Accesorio para álbum boda', '2014-08-24 16:28:17', '2014-10-28 12:04:30', 'Los complementos perfectos para tú álbum fotográfico profesional'),
(8, 'Acabado profesional fotográfico', '2014-08-28 10:15:11', '2014-10-24 17:06:01', 'El acabado de las fotos es importante y por ello puedes elegir el que más te guste'),
(9, 'Tamaño foto', '2014-09-05 10:46:50', '2014-11-05 22:48:11', 'Imprime tus fotos en el tamaño que tu quieras. Tamaño estándar o gran formato, nos ajustamos a los tamaños que tu quieras, sólo tienes que indicarlo en observaciones.'),
(10, 'Modelo maleta álbum', '2014-09-05 12:20:18', '2014-09-05 12:23:10', ''),
(11, 'Tamaño álbums boda', '2014-09-18 13:22:47', '2014-09-18 13:22:47', ''),
(12, 'Tamaño álbums comunión', '2014-09-18 13:25:20', '2014-09-18 13:25:20', ''),
(13, 'Tamaño álbums padres', '2014-09-18 23:49:14', '2014-09-18 23:49:14', ''),
(14, 'Color tapa trasera / contratapa álbum boda ', '2014-09-30 10:30:41', '2014-10-31 14:11:25', 'Elije el color que más te guste para tu álbum de boda'),
(15, 'Incluir Álbums de Padres', '2014-10-01 11:46:00', '2014-10-28 11:58:50', 'Dos réplicas del álbum de boda original, en un tamaño más pequeño y manejable, para que los padres de los novios puedan tener también su álbum fotográfico profesional.'),
(17, 'Personalización', '2014-10-06 21:19:17', '2014-10-06 21:30:39', 'Foto portada, cordon, combi o ventana'),
(18, 'Accesorio para álbum comunión', '2014-10-28 12:05:23', '2014-10-28 12:05:23', 'Los complementos perfectos para tú álbum fotográfico profesional'),
(19, 'Libro de firmas personalizado', '2014-10-28 12:06:58', '2014-10-28 12:06:58', ''),
(20, 'Tipo de papel para álbum', '2014-10-28 12:21:38', '2014-10-28 12:21:38', ''),
(21, 'Color / Modelo tapa álbum boda superior', '2014-10-31 13:33:59', '2014-10-31 13:52:31', ''),
(23, 'Color/ Modelo tapa álbum "estándar"', '2014-10-31 14:08:25', '2014-10-31 14:15:56', 'Tapas básicas y dinámicas'),
(24, 'Color / Modelo tapa álbum boda "Élite"', '2014-10-31 14:12:57', '2014-10-31 14:12:57', 'Tapas de alta calidad'),
(25, 'Tamaño álbum boda', '2014-10-31 14:36:17', '2014-10-31 14:37:26', 'Elija el tamaño de su álbum de boda');

-- --------------------------------------------------------

--
-- Estructura de tabla para la tabla `option_types_products`
--

CREATE TABLE IF NOT EXISTS `option_types_products` (
  `option_type_id` int(11) DEFAULT NULL,
  `product_id` int(11) DEFAULT NULL
) ENGINE=InnoDB DEFAULT CHARSET=utf8;

--
-- Volcado de datos para la tabla `option_types_products`
--

INSERT INTO `option_types_products` (`option_type_id`, `product_id`) VALUES
(10, 8),
(15, 26),
(17, 26),
(11, 26),
(11, 27),
(14, 27),
(15, 27),
(17, 27),
(14, 25),
(15, 25),
(8, 9),
(17, 25),
(20, 25),
(9, 9),
(8, 28),
(9, 28),
(21, 25),
(21, 26),
(19, 27),
(24, 27),
(14, 26),
(20, 26),
(11, 25),
(9, 29),
(9, 31),
(9, 30),
(9, 13),
(9, 12),
(9, 11),
(9, 10),
(9, 6);

-- --------------------------------------------------------

--
-- Estructura de tabla para la tabla `option_values`
--

CREATE TABLE IF NOT EXISTS `option_values` (
  `id` int(11) NOT NULL AUTO_INCREMENT,
  `name` varchar(255) DEFAULT NULL,
  `option_type_id` int(11) DEFAULT NULL,
  `created_at` datetime NOT NULL,
  `updated_at` datetime NOT NULL,
  PRIMARY KEY (`id`),
  KEY `index_option_values_on_option_type_id` (`option_type_id`)
) ENGINE=InnoDB  DEFAULT CHARSET=utf8 AUTO_INCREMENT=193 ;

--
-- Volcado de datos para la tabla `option_values`
--

INSERT INTO `option_values` (`id`, `name`, `option_type_id`, `created_at`, `updated_at`) VALUES
(21, 'Acabado brillo', 8, '2014-08-28 10:15:11', '2014-08-28 10:15:11'),
(22, 'Acabado mate', 8, '2014-08-28 10:15:11', '2014-08-28 10:15:11'),
(57, '6x9cm', 9, '2014-09-05 10:46:51', '2014-09-05 10:46:51'),
(58, '7x10cm', 9, '2014-09-05 10:46:51', '2014-09-05 10:46:51'),
(59, '9x13cm', 9, '2014-09-05 10:46:51', '2014-09-05 10:46:51'),
(60, '10x10cm', 9, '2014-09-05 10:46:51', '2014-09-05 10:46:51'),
(61, '10x15cm', 9, '2014-09-05 10:46:51', '2014-09-05 10:46:51'),
(62, 'Maletin para album de boda', 5, '2014-09-05 11:06:26', '2014-09-05 11:06:26'),
(63, 'Maletín de piel para album de boda', 5, '2014-09-05 11:06:26', '2014-10-28 12:04:30'),
(64, 'Maleta Polipiel "EXECUTIVE"', 10, '2014-09-05 12:23:10', '2014-09-05 12:23:10'),
(65, 'Maleta Polipiel "CONFORT"', 10, '2014-09-05 12:23:10', '2014-09-05 12:23:10'),
(66, 'Maleta "ESTANDAR"', 10, '2014-09-05 12:23:10', '2014-10-01 11:59:05'),
(69, '24X30', 11, '2014-09-18 13:23:07', '2014-10-31 14:31:02'),
(70, '25X25', 11, '2014-09-18 13:23:07', '2014-10-31 14:31:02'),
(71, '25x25', 12, '2014-09-18 13:25:20', '2014-09-18 13:25:20'),
(72, '24x30', 12, '2014-09-18 13:25:20', '2014-09-18 13:25:20'),
(73, '30x30', 12, '2014-09-18 13:25:20', '2014-09-18 13:25:20'),
(74, '15x20', 13, '2014-09-18 23:49:14', '2014-09-18 23:49:14'),
(75, '1.1 - Marrón oscuro', 14, '2014-09-30 10:36:01', '2014-10-31 13:31:44'),
(76, '1.2.- Marrón  ', 14, '2014-09-30 12:17:41', '2014-10-31 14:11:25'),
(77, '1.3.- Gris azulado ', 14, '2014-09-30 12:17:41', '2014-10-31 14:11:25'),
(78, '1.4.- Azul oscuro ', 14, '2014-09-30 12:17:41', '2014-10-31 14:11:25'),
(79, '1.5.- Negro ', 14, '2014-09-30 12:17:41', '2014-10-31 14:11:25'),
(80, '1.6.- Amarillo ', 14, '2014-09-30 12:17:41', '2014-10-31 14:11:25'),
(81, '2.1.- Marrón claro', 14, '2014-09-30 12:17:41', '2014-10-31 14:11:25'),
(82, '2.2.- Marrón arena ', 14, '2014-09-30 12:17:41', '2014-10-31 14:11:25'),
(83, '2.2.- Marrón grisáceo ', 14, '2014-09-30 12:17:41', '2014-10-31 14:11:25'),
(84, '2.4.- Marrón betún', 14, '2014-09-30 12:17:41', '2014-10-31 14:11:25'),
(85, '2.5.- Negro carbón', 14, '2014-09-30 12:17:41', '2014-10-31 14:11:25'),
(86, '2.6.- Rojo ', 14, '2014-09-30 12:17:41', '2014-10-31 14:11:25'),
(87, '3.1.- Rojo serpiente ', 14, '2014-09-30 12:17:41', '2014-10-31 14:11:25'),
(88, '3.2.- Gris cocodrilo ', 14, '2014-09-30 12:17:41', '2014-10-31 14:11:25'),
(89, '3.3.- Gris plateado ', 14, '2014-09-30 12:17:41', '2014-10-31 14:11:25'),
(90, '3.4.- Blanco cocodrilo ', 14, '2014-09-30 12:17:41', '2014-10-31 14:11:25'),
(91, '3.5.- Marrón cocodrilo ', 14, '2014-09-30 12:17:41', '2014-10-31 14:11:25'),
(92, '3.6.- Marrón serpiente', 14, '2014-09-30 12:17:41', '2014-10-31 14:11:25'),
(93, '4.1.- Beige relieve ', 14, '2014-09-30 12:17:41', '2014-10-31 14:11:25'),
(94, '4.2.- Plata estampado ', 14, '2014-09-30 12:17:41', '2014-10-31 14:11:25'),
(95, '30x30', 11, '2014-10-01 11:38:27', '2014-10-31 14:31:02'),
(96, '28x35 ', 11, '2014-10-01 11:38:27', '2014-10-31 14:31:02'),
(97, ' 25X38', 11, '2014-10-01 11:38:27', '2014-10-31 14:31:02'),
(98, '18x24', 13, '2014-10-01 11:39:19', '2014-10-01 11:39:19'),
(101, 'No, sin álbums de padres', 15, '2014-10-01 11:46:00', '2014-10-28 11:58:50'),
(109, 'No personalizado (Cobertura clásica)', 17, '2014-10-06 21:19:43', '2014-10-06 21:55:52'),
(112, 'Foto portada', 17, '2014-10-06 21:30:39', '2014-10-28 11:54:54'),
(113, 'Acabada seda / Silk / ', 8, '2014-10-24 17:06:01', '2014-10-24 17:06:01'),
(114, 'Cordón horizontal', 17, '2014-10-28 11:54:54', '2014-10-28 11:54:54'),
(115, 'Cordón vertical', 17, '2014-10-28 11:54:54', '2014-10-28 11:54:54'),
(116, 'Combi', 17, '2014-10-28 11:54:54', '2014-10-28 11:54:54'),
(117, 'Con ventana 9x13 (esquina inferior derecha)', 17, '2014-10-28 11:54:54', '2014-10-28 11:54:54'),
(118, 'Con ventana 10x20 (lateral derecho)', 17, '2014-10-28 11:54:54', '2014-10-28 11:54:54'),
(119, 'Con ventana 15x15 (centrado)', 17, '2014-10-28 11:54:54', '2014-10-28 11:54:54'),
(120, 'Con ventana 10x10 (centrado)', 17, '2014-10-28 11:54:54', '2014-10-28 11:54:54'),
(121, 'Sí, con álbums de padres / réplicas', 15, '2014-10-28 11:58:50', '2014-10-28 11:58:50'),
(122, 'Ningún accesorio boda', 5, '2014-10-28 12:04:30', '2014-10-28 12:05:58'),
(123, 'Caja con lazo para album de comunion', 18, '2014-10-28 12:05:23', '2014-10-28 12:05:23'),
(124, 'Maletín de colores para album de comunión', 18, '2014-10-28 12:05:23', '2014-10-28 12:05:23'),
(125, 'Ningún accesorio comunión', 18, '2014-10-28 12:05:23', '2014-10-28 12:05:23'),
(126, 'No', 19, '2014-10-28 12:06:58', '2014-10-28 12:06:58'),
(127, 'Sí', 19, '2014-10-28 12:06:58', '2014-10-28 12:06:58'),
(128, 'Mate', 20, '2014-10-28 12:21:38', '2014-10-28 12:21:38'),
(129, 'Seda', 20, '2014-10-28 12:21:38', '2014-10-28 12:21:38'),
(130, '2.1.- Marrón claro ', 21, '2014-10-31 13:33:59', '2014-10-31 13:52:31'),
(131, '2.2.- Marrón grisáceo', 21, '2014-10-31 13:33:59', '2014-10-31 13:52:31'),
(132, '2.3.-Marrón arcilla', 21, '2014-10-31 13:52:31', '2014-10-31 13:52:31'),
(133, '2.4. - Marrón betún', 21, '2014-10-31 13:52:31', '2014-10-31 13:52:31'),
(134, '2.5.- Negro carbón (Modelo Soria)', 21, '2014-10-31 13:52:31', '2014-10-31 13:52:31'),
(135, '2.6.-Rojo ', 21, '2014-10-31 13:52:31', '2014-10-31 13:52:31'),
(136, '3.1.-Rojo serpiente (Modelo Burgos)', 21, '2014-10-31 13:56:05', '2014-10-31 13:56:05'),
(137, '3.2.-Gris cocodrilo ', 21, '2014-10-31 13:56:05', '2014-10-31 13:56:05'),
(138, '3.3.- Gris plateado', 21, '2014-10-31 13:56:05', '2014-10-31 13:56:05'),
(139, '3.4.- Blanco cocodrilo ', 21, '2014-10-31 13:56:05', '2014-10-31 13:56:05'),
(140, '3.5.- Marrón cocodrilo ', 21, '2014-10-31 13:56:05', '2014-10-31 13:56:05'),
(141, '3.6. Iguana marrón', 21, '2014-10-31 13:56:05', '2014-10-31 13:56:05'),
(142, '3.7.- Lino crudo (Modelo Segovia)', 21, '2014-10-31 13:56:05', '2014-10-31 13:56:05'),
(144, '1.1 - Marrón oscuro', 23, '2014-10-31 14:08:25', '2014-10-31 14:08:25'),
(145, '1.2.- Marrón ', 23, '2014-10-31 14:08:25', '2014-10-31 14:08:25'),
(146, '1.3.- Gris azulado ', 23, '2014-10-31 14:08:25', '2014-10-31 14:08:25'),
(147, '1.4.- Azul oscuro', 23, '2014-10-31 14:08:25', '2014-10-31 14:08:25'),
(148, '1.5.- Curo negro ', 23, '2014-10-31 14:08:25', '2014-10-31 14:08:25'),
(149, '1.6.- Textura amarilla', 23, '2014-10-31 14:08:25', '2014-10-31 14:08:25'),
(150, '4.1.- Beige relieve ', 24, '2014-10-31 14:12:57', '2014-10-31 14:13:52'),
(151, '4.2.- Plata estampado ', 24, '2014-10-31 14:13:52', '2014-10-31 14:13:52'),
(152, '30x40 ', 11, '2014-10-31 14:31:02', '2014-10-31 14:31:02'),
(153, '35x28 PANORÁMICO', 11, '2014-10-31 14:31:02', '2014-10-31 14:31:02'),
(154, '35X35 CUADRADO', 11, '2014-10-31 14:31:02', '2014-10-31 14:31:02'),
(155, ' 40x30 PANORÁMICO', 11, '2014-10-31 14:31:02', '2014-10-31 14:31:02'),
(156, 'Quiero otro tamaño (Lo indico en observaciones)', 11, '2014-10-31 14:31:02', '2014-10-31 14:31:02'),
(157, '30x40', 25, '2014-10-31 14:36:17', '2014-10-31 14:36:17'),
(158, '35x35', 25, '2014-10-31 14:36:17', '2014-10-31 14:36:17'),
(159, 'Deseo otro tamaño (Lo indico en observaciones)', 25, '2014-10-31 14:36:17', '2014-10-31 14:36:17'),
(160, '13x18', 9, '2014-11-05 22:49:46', '2014-11-05 22:49:46'),
(161, '15x15', 9, '2014-11-05 22:49:46', '2014-11-05 22:49:46'),
(162, '15x20', 9, '2014-11-05 22:49:46', '2014-11-05 22:49:46'),
(163, '18x24', 9, '2014-11-05 22:49:46', '2014-11-05 23:00:45'),
(164, ' 20x20', 9, '2014-11-05 22:49:46', '2014-11-05 23:00:45'),
(165, ' 20x25', 9, '2014-11-05 22:49:46', '2014-11-05 23:00:45'),
(166, ' 20x28', 9, '2014-11-05 22:49:46', '2014-11-05 23:00:45'),
(167, '20x30', 9, '2014-11-05 23:00:45', '2014-11-05 23:00:45'),
(168, ' 24x30', 9, '2014-11-05 23:00:45', '2014-11-05 23:00:45'),
(169, '25x25', 9, '2014-11-05 23:00:45', '2014-11-05 23:00:45'),
(170, '30x30', 9, '2014-11-05 23:00:45', '2014-11-05 23:00:45'),
(171, '28x35', 9, '2014-11-05 23:00:45', '2014-11-05 23:00:45'),
(172, '30x40', 9, '2014-11-05 23:00:45', '2014-11-05 23:00:45'),
(173, '35x35', 9, '2014-11-05 23:00:45', '2014-11-05 23:00:45'),
(174, '30x45', 9, '2014-11-05 23:00:45', '2014-11-05 23:00:45'),
(175, '40x40', 9, '2014-11-05 23:00:45', '2014-11-05 23:00:45'),
(176, '40x45', 9, '2014-11-05 23:00:45', '2014-11-05 23:00:45'),
(177, '40x50', 9, '2014-11-05 23:00:45', '2014-11-05 23:00:45'),
(178, '40x60', 9, '2014-11-05 23:00:45', '2014-11-05 23:00:45'),
(179, '50x50', 9, '2014-11-05 23:00:45', '2014-11-05 23:00:45'),
(180, '50x60', 9, '2014-11-05 23:00:45', '2014-11-05 23:00:45'),
(181, '50x70', 9, '2014-11-05 23:00:45', '2014-11-05 23:00:45'),
(182, '50x80', 9, '2014-11-05 23:00:45', '2014-11-05 23:00:45'),
(183, '70x60', 9, '2014-11-05 23:00:45', '2014-11-05 23:00:45'),
(184, '60x80', 9, '2014-11-05 23:00:45', '2014-11-05 23:00:45'),
(185, '70x70', 9, '2014-11-05 23:00:45', '2014-11-05 23:00:45'),
(186, '70x80', 9, '2014-11-05 23:00:45', '2014-11-05 23:00:45'),
(187, '75x75', 9, '2014-11-05 23:00:45', '2014-11-05 23:00:45'),
(188, '70x90', 9, '2014-11-05 23:00:45', '2014-11-05 23:00:45'),
(189, '70x100', 9, '2014-11-05 23:00:45', '2014-11-05 23:00:45'),
(190, '76x100', 9, '2014-11-05 23:00:45', '2014-11-05 23:00:45'),
(191, '76x120', 9, '2014-11-05 23:00:45', '2014-11-05 23:00:45'),
(192, '100x100', 9, '2014-11-05 23:00:45', '2014-11-05 23:00:45');

-- --------------------------------------------------------

--
-- Estructura de tabla para la tabla `option_values_orders`
--

CREATE TABLE IF NOT EXISTS `option_values_orders` (
  `option_value_id` int(11) DEFAULT NULL,
  `order_id` int(11) DEFAULT NULL
) ENGINE=InnoDB DEFAULT CHARSET=utf8;

-- --------------------------------------------------------

--
-- Estructura de tabla para la tabla `orders`
--

CREATE TABLE IF NOT EXISTS `orders` (
  `id` int(11) NOT NULL AUTO_INCREMENT,
  `user_id` int(11) DEFAULT NULL,
  `quantity` int(11) DEFAULT NULL,
  `state` int(11) DEFAULT NULL,
  `created_at` datetime NOT NULL,
  `updated_at` datetime NOT NULL,
  `address` text,
  `comment` text,
  `description` text,
  `amount` decimal(8,2) DEFAULT NULL,
  `product_id` int(11) DEFAULT NULL,
  `vat_percentage` decimal(4,2) DEFAULT NULL,
  PRIMARY KEY (`id`),
  KEY `index_orders_on_user_id` (`user_id`),
  KEY `index_orders_on_state` (`state`),
  KEY `index_orders_on_product_id` (`product_id`)
) ENGINE=InnoDB  DEFAULT CHARSET=utf8 AUTO_INCREMENT=21 ;

-- --------------------------------------------------------

--
-- Estructura de tabla para la tabla `products`
--

CREATE TABLE IF NOT EXISTS `products` (
  `id` int(11) NOT NULL AUTO_INCREMENT,
  `name` varchar(255) DEFAULT NULL,
  `description` text,
  `created_at` datetime NOT NULL,
  `updated_at` datetime NOT NULL,
  `price_conditions` text,
  `price` decimal(8,2) DEFAULT NULL,
  PRIMARY KEY (`id`),
  UNIQUE KEY `index_products_on_name` (`name`)
) ENGINE=InnoDB  DEFAULT CHARSET=utf8 AUTO_INCREMENT=36 ;

--
-- Volcado de datos para la tabla `products`
--

INSERT INTO `products` (`id`, `name`, `description`, `created_at`, `updated_at`, `price_conditions`, `price`) VALUES
(1, 'Álbum Comunión Rústico 10 hojas', 'ibu all-malt, heat exchanger, hydrometer bacterial hops. bottle conditioning amber beer pint glass, lagering all-malt draft (draught) balthazar bottle conditioning acid rest. cask conditioned ale krug fermentation brewing saccharification anaerobic!" lambic; bunghole anaerobic ester! racking bottom fermenting yeast brew kettle imperial mouthfeel. brew mead cask conditioning acid rest primary fermentation seidel.\r\n\r\nreinheitsgebot kolsch mash fermentation ibu hop back; mash. keg black malt barley dry hopping length priming hop back malt.', '2014-06-18 08:54:09', '2014-06-18 08:54:09', NULL, NULL),
(6, 'Foto Lienzo / Canvas ', '<p>Moderno, original y ligero.&nbsp;Imprime tu foto en un lienzo, un lienzo de calidad fotogr&aacute;fica, como una verdadera obra de arte. Gran calidad de las im&aacute;genes, colores intensos y una fina textura que lo hace &uacute;nico. El bastidor&nbsp;le aporta la estabilidad necesaria y transforma la foto en una obra de arte tridimensional.<br />\r\n<br />\r\nDiferentes formatos y opciones exclusivas. Lienzo est&aacute;ndar de una pieza,&nbsp;d&iacute;pticos, tr&iacute;pticos, acabado mate o brillante. Sin duda una de las formas m&aacute;s lujosas y modernas de presentar un foto diferente a un cuadro: el&nbsp;lienzo. Un aut&eacute;ntico cuadro personalizado sobre lienzo de alta calidad.</p>\r\n', '2014-09-05 12:03:38', '2014-11-06 00:51:27', '<ul>\r\n	<li>Precios validos salvo error tipogr&aacute;fico, consulte posibles actualizaciones.</li>\r\n	<li>Estos precios ir&aacute;n incrementados con el I.V.A.</li>\r\n</ul>\r\n', 10.00),
(8, 'Maleta polyester basic', '<p>Complemento&nbsp;para &aacute;lbum&nbsp;de fotos profesionales, digitales o anal&oacute;gicos.</p>\r\n\r\n<p>Como todo fot&oacute;grafo sabe, los maletines son&nbsp;los&nbsp;accesorios m&aacute;s importantes&nbsp;para el buen acabado y la buena&nbsp;presentaci&oacute;n de nuestros &aacute;lbumes fotogr&aacute;ficos.<br />\r\nTenemos una amplia&nbsp;variedad de productos de distintos&nbsp;precios y distintas calidades.</p>\r\n\r\n<p>&nbsp;</p>\r\n', '2014-09-05 12:11:28', '2014-11-11 13:53:55', '<p><strong>Condiciones respecto al precio:</strong></p>\r\n\r\n<ul>\r\n	<li>El precio podr&aacute; variar dependiendo del tama&ntilde;o deseado.</li>\r\n	<li>Los gastos de env&iacute;o son gratuitos. Siempre que el importe total sea superior a 35&euro;. Para m&aacute;s informaci&oacute;n no dude en ponerse en contacto con nosotros, estaremos encantados de atenderle.</li>\r\n</ul>\r\n', 9.95),
(9, 'Revelado digital ', '<p><em><strong>Impresi&oacute;n fotoqu&iacute;mica profesional</strong></em></p>\r\n\r\n<p>Impresi&oacute;n fotogr&aacute;fica en papel con revelado qu&iacute;mico (RGB): En nuestro laboratorio Digital Esprint disponemos de diversas&nbsp;soluciones de impresi&oacute;n de alta calidad con distintos acabados fotogr&aacute;ficos:</p>\r\n\r\n<ul>\r\n	<li>Luste</li>\r\n	<li>Brillo</li>\r\n	<li>Silk</li>\r\n</ul>\r\n\r\n<p>Nuestro revelado de fotos puede hacerse en tama&ntilde;os est&aacute;ndar o en grandes tama&ntilde;os, siempre recordando que los formatos<br />\r\nadmitidos son TIFF o JPJ a una resoluci&oacute;n m&aacute;xima de 254ppp.&nbsp;</p>\r\n\r\n<p>Realizamos impresiones fotoqu&iacute;micas (impresiones en papel fotogr&aacute;fico),&nbsp;con un largo&nbsp;de hasta 4 metros,&nbsp;y un&nbsp;ancho&nbsp;que nos permite imprimir fotograf&iacute;as de una sola&nbsp;pieza.Garantizamos nuestro servicio de laboratorio fotogr&aacute;fico 24h, ya que disponemos de un&nbsp;sofware espec&iacute;fico consistente en un sistema de envio FTP&nbsp;de sencillo uso, que intenta adaptarse a las necesidades de los clientes. Facilitamos&nbsp;el proceso de subida de archivos&nbsp;que desean imprimir el fot&oacute;grafo, para que pueda hacerlo a cualquier hora del d&iacute;a.</p>\r\n', '2014-09-16 20:26:10', '2014-10-31 12:47:44', '<pre>\r\n<em><strong>CONDICIONES RESPECTO AL PRECIO:</strong></em></pre>\r\n\r\n<ul>\r\n	<li>El papel seda lleva un recargo del 15%.</li>\r\n	<li>En tama&ntilde;os personalizados, se cobrar&aacute; el precio del inmediato superior.&nbsp;</li>\r\n	<li>Los precios ser&aacute;n incrementados por el IVA</li>\r\n	<li>Los gastos de env&iacute;o son gratuitos, si el importe total es superior a 35&euro;</li>\r\n</ul>\r\n', 0.25),
(10, 'Foto FOAM', '<p>Somos conscientes de la relevancia que ha adquirido la fotograf&iacute;a como elemento decorativo y por ello tambi&eacute;n ofrecemos las &uacute;ltimas tendencias en foto decoraci&oacute;n.</p>\r\n\r\n<p>Impresi&oacute;n digital en papel&nbsp;fotografico , con&nbsp;laminado&nbsp;para proteger de ara&ntilde;azos y rozaduras,&nbsp;montado sobre un carton pluma de 10 mm. Muy ligero, econ&oacute;mico, f&aacute;cil y sencillo de&nbsp;colgar.</p>\r\n', '2014-09-18 09:28:42', '2014-11-06 00:47:24', '<ul>\r\n	<li>Precios validos salvo error tipogr&aacute;fico, consulte posibles actualizaciones.</li>\r\n	<li>Estos precios ir&aacute;n incrementados con el I.V.A.</li>\r\n	<li>&nbsp;Al superar las tres unidades en un mismo pedido les realizamos un&nbsp;25% de descuento.</li>\r\n</ul>\r\n', 5.00),
(11, 'Laminado en arena', '<p>&iquest;Qu&eacute; es el laminado arena?</p>\r\n\r\n<p>El laminado arena desprint&nbsp;tiene las siguientes caracter&iacute;sticas principales:</p>\r\n\r\n<p>&nbsp;Protecci&oacute;n UV, acabado semibrillo con textura. Superficie muy resistente a rozaduras, ara&ntilde;azos y a las marcas de huellas dactilares.</p>\r\n\r\n<p>El acabado superficial del laminado, es la textura. Este acabado arena es de rugosidad &quot;fina&quot;, acabado que nos puede recordar a un revelado mate.</p>\r\n', '2014-09-18 11:14:19', '2014-11-06 00:40:48', '<ul>\r\n	<li>Precios validos salvo error tipogr&aacute;fico, consulte posibles actualizaciones.</li>\r\n	<li>Estos precios se ver&aacute;n incrementados por el I.V.A</li>\r\n</ul>\r\n', 0.40),
(12, 'Foto/efecto PERLA', '<p>Puedes elegir entre cualquiera de nuestros soportes disponibles&nbsp;para dar un acabado a tus im&aacute;genes, de modo que queden listas para colgar. En este caso, presentamos nuestra Foto Perla, realizada con papel perlado de 300grs. Este acabado perla apenas tiene rugosidad , sino un acabado sedoso que nos recuerda a una perla.</p>\r\n\r\n<p>Esta modalidad de impresi&oacute;n fotogr&aacute;fica es de gran calidad y durabilidad. No se lamina para disfrutar su acabado, s&oacute;lo por ese motivo&nbsp;no se recomienda ser expuesto en lugares muy h&uacute;medos, para asegurar su perdurabilidad en el futuro.</p>\r\n', '2014-09-18 12:03:12', '2014-11-06 00:41:55', '<p>Precios v&aacute;lidos salvo error tipogr&aacute;fico, consulte posibles actualizaciones.&nbsp;</p>\r\n\r\n<p>Estos precios se ver&aacute;n incrementados por el I.V.A</p>\r\n', 0.70),
(13, 'Foto/efecto SATINADO', '<p>Efecto de revestimiento de imagen, que la proteje para que pueda usarse como elemento decorativo y le da una textura satinada, opaca y diferente.</p>\r\n\r\n<p>Acabado semi-satinado, laminado fr&iacute;o/calor, resistencia al agua moderada, durabilidad de m&aacute;s de 100 a&ntilde;os.</p>\r\n', '2014-09-18 12:20:15', '2014-11-06 00:41:26', '<ul>\r\n	<li>&nbsp;Precios v&aacute;lidos salvo error tipogr&aacute;fico, consulte posibles actualizaciones.</li>\r\n	<li>Estos precios ir&aacute;n incrementados con el I.V.A.</li>\r\n</ul>\r\n', 0.50),
(25, 'Álbum profesional "Estándar" ', '<p><img alt="" class="left" data-rich-file-id="16" src="/system/rich/rich_files/rich_files/000/000/016/original/texturas1-20web.jpg" />Los &Aacute;lbums Desprint son &aacute;lbums fotogr&aacute;ficos de <strong>alta calidad</strong>, realizados&nbsp;de forma artesanal&nbsp;en Espa&ntilde;a. Un &aacute;lbum <strong>hecho a mano</strong>, necesita horas de trabajo y dedicaci&oacute;n. As&iacute; se&nbsp;obtiene&nbsp;un producto final pr&aacute;cticamente &uacute;nico e inigualable que estar&aacute; en s&oacute;lo en sus manos.</p>\r\n\r\n<p>Empleamos los mejores materiales en la <strong>fabricaci&oacute;n</strong> de nuestros &aacute;lbums Desprint. Disponemos de tapas para &aacute;lbumes profesionales de diferentes materiales, colores y texturas, resultando cuatro l&iacute;neas &oacute; categor&iacute;as de producto, con acabados en piel, piel sint&eacute;tica, tejido, aluminio y metracrilato.&nbsp;</p>\r\n\r\n<p>Pero..&iquest;siempre ofrecemos la misma variedad de &aacute;lbums profesionales fotogr&aacute;ficos? La verdad es que no. Tratamos de innovar en nuestros procesos de digitalizaci&oacute;n y encuadernaci&oacute;n, as&iacute; como&nbsp;en nuestros productos finales, a&ntilde;adiendo cada a&ntilde;o nuevos modelos de tapas que se adapten a la demada cambiante.</p>\r\n\r\n<p>Fabricamos nuestro &Aacute;lbum Est&aacute;ndar Desprint, con un&nbsp;n&uacute;mero de hojas est&aacute;ndar igual a&nbsp;30. Esto no significa que no podamos realizar su &aacute;lbum con un n&uacute;mero distinto, s&oacute;lamente tendr&aacute; que indicarlo&nbsp;en las observaciones de su&nbsp;pedido y tendr&aacute; su &aacute;lbum con el n&uacute;mero de hojas que usted desee&nbsp;(esto podr&iacute;a suponer variaciones&nbsp;en el precio del producto,&nbsp;ve&aacute;nse *condiciones de precio m&aacute;s abajo).</p>\r\n\r\n<p>Por si no le ha quedado claro, nosotros realizamos un &aacute;lbum est&aacute;ndar, pero usted puede personalizarlo a su gusto.</p>\r\n\r\n<p>Aqu&iacute; puede ver las opciones de&nbsp;personalizaci&oacute;n y&nbsp;nuestros&nbsp;tama&ntilde;os de partida:&nbsp;</p>\r\n\r\n<p>&nbsp;</p>\r\n', '2014-10-01 11:59:23', '2014-11-12 13:00:28', '<p><em><strong>Condiciones respecto al precio:</strong></em></p>\r\n\r\n<ul>\r\n	<li>Si deseas un n&uacute;mero mayor o menor de hojas ind&iacute;calo en las observaciones del pedido. El coste es de&nbsp;6&euro; por cada hoja adicional.</li>\r\n	<li>Si deseas un tama&ntilde;o de &aacute;lbum espec&iacute;fico, tambi&eacute;n puedes anotarlo en las observaciones del pedido. El precio podr&aacute; variar dependiendo del tama&ntilde;o deseado.</li>\r\n	<li>En el caso de incluir los &aacute;lbums para padres, tenga en cuenta que esto supone un coste adicional de 100&euro; y un recargo de 3&euro; m&aacute;s por cada hoja adicional en cada &aacute;lbum de r&eacute;plica.</li>\r\n	<li>Los gastos de env&iacute;o son gratuitos. Siempre que el importe total sea&nbsp;superior a 35&euro;. Para m&aacute;s informaci&oacute;n no dude en ponerse en contacto con nosotros, estaremos encantados de atenderle.</li>\r\n</ul>\r\n', 219.00),
(26, 'Álbums "Clase Superior"', '<p>Los &Aacute;lbums Desprint son &aacute;lbums fotogr&aacute;ficos de&nbsp;alta calidad, realizados&nbsp;de forma artesanal&nbsp;en Espa&ntilde;a. Un &aacute;lbum&nbsp;hecho a mano, necesita horas de trabajo y dedicaci&oacute;n. As&iacute; se&nbsp;obtiene&nbsp;un producto final pr&aacute;cticamente &uacute;nico e inigualable que estar&aacute; en s&oacute;lo en sus manos.</p>\r\n\r\n<p>Empleamos los mejores materiales en la&nbsp;fabricaci&oacute;n&nbsp;de nuestros &aacute;lbums Desprint. Disponemos de tapas para &aacute;lbumes profesionales de diferentes materiales, colores y texturas, resultando cuatro l&iacute;neas &oacute; categor&iacute;as de producto, con acabados en piel, piel sint&eacute;tica, tejido, aluminio y metracrilato.&nbsp;</p>\r\n\r\n<p>Pero...&iquest;siempre ofrecemos la misma variedad de &aacute;lbums profesionales fotogr&aacute;ficos? La verdad es que no. Tratamos de innovar en nuestros procesos de digitalizaci&oacute;n y encuadernaci&oacute;n, as&iacute; como&nbsp;en nuestros productos finales, a&ntilde;adiendo cada a&ntilde;o nuevos modelos de tapas que se adapten a la demada cambiante.</p>\r\n\r\n<p>Fabricamos nuestro &Aacute;lbum Est&aacute;ndar Desprint, con un&nbsp;n&uacute;mero de hojas est&aacute;ndar igual a&nbsp;30. Esto no significa que no podamos realizar su &aacute;lbum con un n&uacute;mero distinto, s&oacute;lamente tendr&aacute; que indicarlo&nbsp;en las observaciones de su&nbsp;pedido y tendr&aacute; su &aacute;lbum con el n&uacute;mero de hojas que usted desee&nbsp;(esto podr&iacute;a suponer variaciones&nbsp;en el precio del producto,&nbsp;ve&aacute;nse *condiciones de precio m&aacute;s abajo).</p>\r\n\r\n<p>Por&nbsp;si no le ha quedado claro, nosotros realizamos un &aacute;lbum est&aacute;ndar, pero usted &nbsp; &nbsp; &nbsp; &nbsp; &nbsp; &nbsp; &nbsp; &nbsp; &nbsp; &nbsp; &nbsp; &nbsp; &nbsp; &nbsp; &nbsp; &nbsp; &nbsp; &nbsp; &nbsp; &nbsp; &nbsp; &nbsp; &nbsp; &nbsp; &nbsp; &nbsp; &nbsp; &nbsp; &nbsp; &nbsp; &nbsp; &nbsp; &nbsp; &nbsp; &nbsp; &nbsp; &nbsp; &nbsp; &nbsp; &nbsp; &nbsp; &nbsp; &nbsp; &nbsp; &nbsp; &nbsp; &nbsp; &nbsp; puede personalizarlo a su gusto.&nbsp;Aqu&iacute; puede ver las opciones de personalizaci&oacute;n y nuestros&nbsp;tama&ntilde;os de partida:<img alt="" data-rich-file-id="4" src="/system/rich/rich_files/rich_files/000/000/004/original/guia-20tama-c3-b1os-20albumes-20profesionales-20fotograficos-20digital-20esprint.jpg" /></p>\r\n\r\n<p>&Aacute;lbumes de fotos profesionales, cl&aacute;sicos y sofisticados. Con la gama de &aacute;lbumes &quot;Clase superior&quot; Desprint,&nbsp;puedes elegir entre distintos tipo de tapas y contratapas,&nbsp;dependiendo como desees la cobertura de tu &aacute;lbum. Esta colecci&oacute;n de &aacute;lbumes te permite personalizar* tu trabajo eligiendo una foto para la portada, una foto-ventana* en el lugar que m&aacute;s te guste o bien puedes optar por una cobertura cl&aacute;sica en cualquiera de nuestras pieles.&nbsp;</p>\r\n\r\n<p>&nbsp;</p>\r\n\r\n<p>Nuestros &aacute;lbums Superiores Desprint, son profesionales, cl&aacute;sicos y sofisticados, ofrecen&nbsp;la libertad de combinar tendencias cl&aacute;sicas con un moderno dise&ntilde;o, para un bonito acabado de un&nbsp;&aacute;lbum de boda artesanal. Completamos nuestro servicio con la opci&oacute;n de pedir una o dos r&eacute;plicas del &aacute;lbum principal.</p>\r\n', '2014-10-06 21:16:10', '2014-11-03 14:18:54', '<p>Condiciones respecto al precio:</p>\r\n\r\n<ul>\r\n	<li>Si deseas un n&uacute;mero mayor o menor de hojas ind&iacute;calo en las observaciones del pedido. El precio de cada hoja es de&nbsp; 6&euro;.</li>\r\n	<li>Si deseas un tama&ntilde;o de &aacute;lbum espec&iacute;fico, tambi&eacute;n puedes anotarlo en las observaciones del pedido. El precio podr&aacute; variar dependiendo del tama&ntilde;o deseado.</li>\r\n	<li>En el caso de incluir los &aacute;lbums para padres, tenga en cuenta que esto supone un coste adicional de 100&euro; y un recargo de 3&euro; m&aacute;s por cada hoja adicional en cada &aacute;lbum de r&eacute;plica.</li>\r\n	<li>Los gastos de env&iacute;o son gratuitos. Siempre que el importe total sea superior a 35&euro;. Para m&aacute;s informaci&oacute;n no dude en ponerse en contacto con nosotros, estaremos encantados de atenderle.</li>\r\n</ul>\r\n\r\n<p>El precio base de 286&euro;&nbsp;corresponde al &aacute;lbum de 30 pliegos/60 hojas, si desea mayor/menor n&uacute;mero de pliegos, variar&aacute; el precio en funcion de ellos (6&euro; por hoja).</p>\r\n\r\n<p>* Personalizar tu &aacute;lbum significa detallar en observaciones una de nuestras cuatro opciones: Foto portada, cord&oacute;n vertical, cord&oacute;n horizontal y combi.</p>\r\n\r\n<p>* Foto-ventana, detalla en observaciones que ventana deseas.</p>\r\n', 286.00),
(27, 'Álbums "Clase Élite"', '<p>Los &Aacute;lbums Desprint son &aacute;lbums fotogr&aacute;ficos de&nbsp;alta calidad, realizados&nbsp;de forma artesanal&nbsp;en Espa&ntilde;a. Un &aacute;lbum&nbsp;hecho a mano, necesita horas de trabajo y dedicaci&oacute;n. As&iacute; se&nbsp;obtiene&nbsp;un producto final pr&aacute;cticamente &uacute;nico e inigualable que estar&aacute; en s&oacute;lo en sus manos.</p>\r\n\r\n<p>Empleamos los mejores materiales en la&nbsp;fabricaci&oacute;n&nbsp;de nuestros &aacute;lbums Desprint. Disponemos de tapas para &aacute;lbumes profesionales de diferentes materiales, colores y texturas, resultando cuatro l&iacute;neas &oacute; categor&iacute;as de producto, con acabados en piel, piel sint&eacute;tica, tejido, aluminio y metracrilato.&nbsp;</p>\r\n\r\n<p>Pero..&iquest;siempre ofrecemos la misma variedad de &aacute;lbums profesionales fotogr&aacute;ficos? La verdad es que no. Tratamos de innovar en nuestros procesos de digitalizaci&oacute;n y encuadernaci&oacute;n, as&iacute; como&nbsp;en nuestros productos finales, a&ntilde;adiendo cada a&ntilde;o nuevos modelos de tapas que se adapten a la demada cambiante.</p>\r\n\r\n<p>Fabricamos nuestro &Aacute;lbum Est&aacute;ndar Desprint, con un&nbsp;n&uacute;mero de hojas est&aacute;ndar igual a&nbsp;30. Esto no significa que no podamos realizar su &aacute;lbum con un n&uacute;mero distinto, s&oacute;lamente tendr&aacute; que indicarlo&nbsp;en las observaciones de su&nbsp;pedido y tendr&aacute; su &aacute;lbum con el n&uacute;mero de hojas que usted desee&nbsp;(esto podr&iacute;a suponer variaciones&nbsp;en el precio del producto,&nbsp;ve&aacute;nse *condiciones de precio m&aacute;s abajo).</p>\r\n\r\n<p>Por si no le ha quedado claro, nosotros realizamos un &aacute;lbum est&aacute;ndar, pero usted puede personalizarlo a su gusto.&nbsp;Aqu&iacute; puede ver las opciones de personalizaci&oacute;n y nuestros&nbsp;tama&ntilde;os de partida:</p>\r\n\r\n<p>&Aacute;lbumes de fotos profesionales, cl&aacute;sicos y sofisticados. Con la gama de &aacute;lbumes &quot;Clase superior&quot; Desprint,&nbsp;puedes elegir entre distintos tipo de tapas y contratapas,&nbsp;dependiendo como desees la cobertura de tu &aacute;lbum. Esta colecci&oacute;n de &aacute;lbumes te permite personalizar* tu trabajo eligiendo una foto para la portada, una foto-ventana* en el lugar que m&aacute;s te guste o bien puedes optar por una cobertura cl&aacute;sica en cualquiera de nuestras pieles.</p>\r\n\r\n<p>Nuestros &aacute;lbums &Eacute;lite&nbsp;Desprint, son profesionales, originales y &uacute;nicos.&nbsp;Presentamos 3 tipos de &aacute;lbum &eacute;lite: acolchado beige, plateado con estampado y lino.&nbsp;Completamos nuestro servicio con la opci&oacute;n de pedir una o dos r&eacute;plicas del &aacute;lbum principal.</p>\r\n', '2014-10-06 22:22:01', '2014-11-03 14:35:49', '<p><em><strong>Condiciones respecto al precio:</strong></em></p>\r\n\r\n<ul>\r\n	<li>Si deseas un n&uacute;mero mayor o menor de hojas ind&iacute;calo en las observaciones del pedido. El precio de cada hoja es de&nbsp; 6&euro;.</li>\r\n	<li>Si deseas un tama&ntilde;o de &aacute;lbum espec&iacute;fico, tambi&eacute;n puedes anotarlo en las observaciones del pedido. El precio podr&aacute; variar dependiendo del tama&ntilde;o deseado.</li>\r\n	<li>En el caso de incluir los &aacute;lbums para padres, tenga en cuenta que esto supone un coste adicional de 100&euro; y un recargo de 3&euro; m&aacute;s por cada hoja adicional en cada &aacute;lbum de r&eacute;plica.</li>\r\n	<li>Los gastos de env&iacute;o son gratuitos. Siempre que el importe total sea superior a 35&euro;. Para m&aacute;s informaci&oacute;n no dude en ponerse en contacto con nosotros, estaremos encantados de atenderle.</li>\r\n</ul>\r\n', 325.00),
(28, 'Revelado analógico ', '<h3><strong>Revelado anal&oacute;gico&nbsp;</strong></h3>\r\n\r\n<p><img alt="" class="left" data-rich-file-id="3" src="/system/rich/rich_files/rich_files/000/000/003/original/analogico.jpg" />Revela todas las fotos que quieras.&nbsp;Con tu laboratorio Digital Esprint puedes ver, mirar y tocar tus fotos casi al instante. Elije acabado y tama&ntilde;o de foto para comenzar tu pedido.</p>\r\n\r\n<p>Es la forma m&aacute;s r&aacute;pida y sencilla de comprobar el resultado que ha dado tu trabajo. Tu carrete ser&aacute; tratado por los mejores expertos.</p>\r\n\r\n<p>Los archivos deben ir en RGB y los formatos admitidos son TIFF o JPJ a una resoluci&oacute;n m&aacute;xima de 254ppp.</p>\r\n', '2014-10-28 18:23:16', '2014-11-05 23:03:25', '<p><em>CONDICIONES RESPECTO AL PRECIO:</em></p>\r\n\r\n<ul>\r\n	<li>El papel seda lleva un recargo del 15%.</li>\r\n	<li>En tama&ntilde;os personalizados, se cobrar&aacute; el precio del inmediato superior.&nbsp;</li>\r\n	<li>Los precios ser&aacute;n incrementados por el IVA</li>\r\n	<li>Los gastos de env&iacute;o son gratuitos, si el importe total es superior a 35&euro;</li>\r\n</ul>\r\n', 3.50),
(29, 'Magic Pizarra Desprint', '<p><br />\r\n&iexcl;Magic Pizarra Desprint&nbsp;! Hojas&nbsp;realmente f&aacute;ciles de pegar en cualquier sitio.&nbsp;Use marcadores de pizarra secos normales , limpie y reutilice cada hoja.* Cada pliego&nbsp;mide 20cm x 20m.&nbsp;Disponible en color blanco liso.&nbsp;Filmsticks adaptables a&nbsp;cualquier superficie dura , plana y sin chinchetas, sin &nbsp;hacer agujeros.&nbsp;Es la magia, ni&nbsp;siquiera va a dejar marcas en las paredes. Sticks para paredes&nbsp;pintadas, papel de pared ,&nbsp;vidrio y&nbsp;madera,&nbsp;sin pegamento. Una alternativa m&aacute;s barata , menos engorrosa.&nbsp;Se borra f&aacute;cilmente como una pizarra normal.&nbsp;</p>\r\n', '2014-11-03 22:04:49', '2014-11-03 22:04:49', '<p><em><strong>CONDICIONES RESPECTO AL PRECIO:</strong></em></p>\r\n\r\n<p>Los gastos de env&iacute;o son gratuitos, si el importe total es superior a 35&euro;</p>\r\n', 2.35),
(30, 'Foto tabla', '<p>La foto tabla es el resultado de mejorar varios productos que ofrec&iacute;amos anteriormente, pero que no cumpl&iacute;an nuestra filosof&iacute;a de calidad/precio. Estamos hablando de las foto tablas sobre madera, aluminio o la impresi&oacute;n sobre metacrilato.&nbsp;<br />\r\n<br />\r\nEn est&aacute; ocasi&oacute;n partimos de una impresi&oacute;n sobre&nbsp;poli&eacute;ster de alta calidad adhesivado en una tablilla de madera, puedes elegirla sin moldura, en este caso la tabla y el frontal de metacrilato se sujetan con unas mini pinzas de acero de 7 mm muy discretas. Tambi&eacute;n puedes optar por acabarlo con un marcos para darle un toque exclusivo y de mayor calidad. El acabado es un&nbsp;frontal de metacrilato brillante, antireflejos, con un peso de s&oacute;lo 3kg/m2 que lo hace muy f&aacute;cil de instalar en cualquier pared.&nbsp;<br />\r\n<br />\r\nTambi&eacute;n est&aacute;n&nbsp;disponibles diferentes tipos de marcos para este producto, lo que permite grandes opciones de personalizaci&oacute;n.&nbsp;<br />\r\n<br />\r\nMucho m&aacute;s que un papel con marco, te sorprender&aacute;!!</p>\r\n', '2014-11-03 22:24:39', '2014-11-03 22:24:39', '', 20.00),
(31, 'Foto Poster', '<p>&iquest;Qu&eacute; hacer con una foto asombrosa?&nbsp;&iquest;Quieres hacer un p&oacute;ster con una&nbsp;foto? &Eacute;ste es tu producto.<br />\r\nLa calidad de la fotograf&iacute;a tradicional pero a tama&ntilde;o p&oacute;ster, en&nbsp;diferentes formatos y medidas.&nbsp;Si deseas una mega impresi&oacute;n de&nbsp;alta calidad para un evento, publicidad, regalos o decoraci&oacute;n. Impreso sobre papel perlado semi-brillante, ofrece unos colores intensos y un alto grado de detalles en las im&aacute;genes.&nbsp;<br />\r\nDesde el tama&ntilde;o m&aacute;s peque&ntilde;o existente,&nbsp;hasta gran formato180x90 cm.&nbsp;<br />\r\n<br />\r\nEcha un vistazo a nuestros precios&nbsp;</p>\r\n', '2014-11-03 22:53:19', '2014-11-05 23:57:08', '<ul>\r\n	<li>&nbsp;Precios validos salvo error tipogr&aacute;fico, consulte posibles actualizaciones.</li>\r\n	<li>Estos precios ir&aacute;n incrementados con el I.V.A.</li>\r\n</ul>\r\n', 0.50),
(33, 'Maletín rústico negro', '<p>Accesorio para &aacute;lbumes de fotos anal&oacute;gicos/&nbsp;tradicionales&nbsp;o digitales.&nbsp;</p>\r\n\r\n<p>Malet&iacute;n negro de piel, para proteger cualquier tipo de &aacute;lbum de fotos profesional, con cierre met&aacute;lico y asa r&iacute;gida para facilitar su transporte. El&nbsp;Malet&iacute;n negro r&uacute;stico Desprint es&nbsp;cl&aacute;sico y elegante,&nbsp;a juego con el &aacute;lbum cl&aacute;sico&nbsp;de piel negro.</p>\r\n\r\n<p>El malet&iacute;n es un complemento imprescindible para un&nbsp;buen acabado y una&nbsp;perfecta presentaci&oacute;n de los&nbsp;&aacute;lbumes de fotos profesionales.Ya sea un &aacute;lbum profesional de boda, un book o&nbsp;un &aacute;lbum de vacaciones.<br />\r\nGran variedad de accesorios a&nbsp;distintos&nbsp;precios y para los distintos &aacute;lbumes.<br />\r\n&nbsp;</p>\r\n', '2014-11-11 13:34:11', '2014-11-11 13:44:07', '<p><strong>Condiciones respecto al precio:</strong></p>\r\n\r\n<ul>\r\n	<li>El precio podr&aacute; variar dependiendo del tama&ntilde;o deseado.</li>\r\n	<li>Los gastos de env&iacute;o son gratuitos. Siempre que el importe total sea superior a 35&euro;. Para m&aacute;s informaci&oacute;n no dude en ponerse en contacto con nosotros, estaremos encantados de atenderle.</li>\r\n</ul>\r\n', 25.00),
(34, 'Maleta negra polyester', '<p>Malet&iacute;n negro b&aacute;sico de polyester. Posee cremallera y asa troquelada para optimizar el trasnporte del &aacute;lbum.</p>\r\n\r\n<p>&nbsp;</p>\r\n', '2014-11-11 13:47:00', '2014-11-11 17:19:52', '<p><strong>Condiciones respecto al precio:</strong></p>\r\n\r\n<ul>\r\n	<li>El precio podr&aacute; variar dependiendo del tama&ntilde;o deseado.</li>\r\n	<li>Los gastos de env&iacute;o son gratuitos. Siempre que el importe total sea superior a 35&euro;. Para m&aacute;s informaci&oacute;n no dude en ponerse en contacto con nosotros, estaremos encantados de atenderle.</li>\r\n</ul>\r\n', 9.95),
(35, 'Maletín caja', '<p>Disponible en marfil, plata o negro, para que pueda elegir en funci&oacute;n al&nbsp;color del &aacute;lbum. Su tama&ntilde;o es de 30x30, existiendo la posibilidad de stock en otros tama&ntilde;os.</p>\r\n\r\n<p>Asegura la protecci&oacute;n del &aacute;lbum de fotos&nbsp;durante su&nbsp;trasporte, ya que est&aacute; fabricado con una estructura&nbsp;r&iacute;gida y s&oacute;lida.</p>\r\n\r\n<p>Sin olvidar su car&aacute;cter decorativo, bien sea como funda para el &aacute;lbum o como caja para guardar cualquier tipo de objeto.</p>\r\n', '2014-11-11 17:07:33', '2014-11-11 17:20:14', '<p><strong>Condiciones respecto al precio:</strong></p>\r\n\r\n<ul>\r\n	<li>Los gastos de env&iacute;o son gratuitos. Siempre que el importe total sea superior a 35&euro;. Para m&aacute;s informaci&oacute;n no dude en ponerse en contacto con nosotros, estaremos encantados de atenderle.</li>\r\n</ul>\r\n', 9.95);

-- --------------------------------------------------------

--
-- Estructura de tabla para la tabla `products_taxons`
--

CREATE TABLE IF NOT EXISTS `products_taxons` (
  `product_id` int(11) DEFAULT NULL,
  `taxon_id` int(11) DEFAULT NULL
) ENGINE=InnoDB DEFAULT CHARSET=utf8;

--
-- Volcado de datos para la tabla `products_taxons`
--

INSERT INTO `products_taxons` (`product_id`, `taxon_id`) VALUES
(6, 3),
(6, 4),
(8, 12),
(10, 3),
(10, 4),
(11, 4),
(12, 4),
(13, 4),
(9, 13),
(25, 2),
(26, 2),
(27, 2),
(28, 13),
(29, 3),
(30, 4),
(31, 3),
(31, 4),
(12, 13),
(13, 13),
(11, 13),
(33, 12),
(34, 12),
(35, 3),
(35, 12);

-- --------------------------------------------------------

--
-- Estructura de tabla para la tabla `rich_rich_files`
--

CREATE TABLE IF NOT EXISTS `rich_rich_files` (
  `id` int(11) NOT NULL AUTO_INCREMENT,
  `created_at` datetime NOT NULL,
  `updated_at` datetime NOT NULL,
  `rich_file_file_name` varchar(255) DEFAULT NULL,
  `rich_file_content_type` varchar(255) DEFAULT NULL,
  `rich_file_file_size` int(11) DEFAULT NULL,
  `rich_file_updated_at` datetime DEFAULT NULL,
  `owner_type` varchar(255) DEFAULT NULL,
  `owner_id` int(11) DEFAULT NULL,
  `uri_cache` text,
  `simplified_type` varchar(255) DEFAULT 'file',
  PRIMARY KEY (`id`)
) ENGINE=InnoDB  DEFAULT CHARSET=utf8 AUTO_INCREMENT=17 ;

--
-- Volcado de datos para la tabla `rich_rich_files`
--

INSERT INTO `rich_rich_files` (`id`, `created_at`, `updated_at`, `rich_file_file_name`, `rich_file_content_type`, `rich_file_file_size`, `rich_file_updated_at`, `owner_type`, `owner_id`, `uri_cache`, `simplified_type`) VALUES
(1, '2014-10-28 12:36:05', '2014-10-28 12:36:05', 'tabla-album.jpg', 'image/jpeg', 159400, '2014-10-28 12:36:03', NULL, NULL, '{"thumb":"/system/rich/rich_files/rich_files/000/000/001/thumb/tabla-album.jpg","rich_thumb":"/system/rich/rich_files/rich_files/000/000/001/rich_thumb/tabla-album.jpg","original":"/system/rich/rich_files/rich_files/000/000/001/original/tabla-album.jpg"}', 'image'),
(2, '2014-10-30 13:55:11', '2014-10-30 13:55:11', 'carrete-20revelado-20anal-c3-b3gico-20digital-20esprint.jpg', 'image/jpeg', 29822, '2014-10-30 13:55:10', NULL, NULL, '{"thumb":"/system/rich/rich_files/rich_files/000/000/002/thumb/carrete-20revelado-20anal-c3-b3gico-20digital-20esprint.jpg","rich_thumb":"/system/rich/rich_files/rich_files/000/000/002/rich_thumb/carrete-20revelado-20anal-c3-b3gico-20digital-20esprint.jpg","original":"/system/rich/rich_files/rich_files/000/000/002/original/carrete-20revelado-20anal-c3-b3gico-20digital-20esprint.jpg"}', 'image'),
(3, '2014-10-30 14:00:34', '2014-10-30 14:00:34', 'analogico.jpg', 'image/jpeg', 18967, '2014-10-30 14:00:34', NULL, NULL, '{"thumb":"/system/rich/rich_files/rich_files/000/000/003/thumb/analogico.jpg","rich_thumb":"/system/rich/rich_files/rich_files/000/000/003/rich_thumb/analogico.jpg","original":"/system/rich/rich_files/rich_files/000/000/003/original/analogico.jpg"}', 'image'),
(4, '2014-11-03 13:42:46', '2014-11-03 13:42:46', 'guia-20tama-c3-b1os-20albumes-20profesionales-20fotograficos-20digital-20esprint.jpg', 'image/jpeg', 142859, '2014-11-03 13:42:45', NULL, NULL, '{"thumb":"/system/rich/rich_files/rich_files/000/000/004/thumb/guia-20tama-c3-b1os-20albumes-20profesionales-20fotograficos-20digital-20esprint.jpg","rich_thumb":"/system/rich/rich_files/rich_files/000/000/004/rich_thumb/guia-20tama-c3-b1os-20albumes-20profesionales-20fotograficos-20digital-20esprint.jpg","original":"/system/rich/rich_files/rich_files/000/000/004/original/guia-20tama-c3-b1os-20albumes-20profesionales-20fotograficos-20digital-20esprint.jpg"}', 'image'),
(5, '2014-11-03 14:00:31', '2014-11-03 14:00:31', 'texturas2.jpg', 'image/jpeg', 7256960, '2014-11-03 14:00:00', NULL, NULL, '{"thumb":"/system/rich/rich_files/rich_files/000/000/005/thumb/texturas2.jpg","rich_thumb":"/system/rich/rich_files/rich_files/000/000/005/rich_thumb/texturas2.jpg","original":"/system/rich/rich_files/rich_files/000/000/005/original/texturas2.jpg"}', 'image'),
(6, '2014-11-03 14:03:01', '2014-11-03 14:03:01', 'texturas2-20-c3-a1lbum-20superior-20desprint.jpg', 'image/jpeg', 7007596, '2014-11-03 14:02:43', NULL, NULL, '{"thumb":"/system/rich/rich_files/rich_files/000/000/006/thumb/texturas2-20-c3-a1lbum-20superior-20desprint.jpg","rich_thumb":"/system/rich/rich_files/rich_files/000/000/006/rich_thumb/texturas2-20-c3-a1lbum-20superior-20desprint.jpg","original":"/system/rich/rich_files/rich_files/000/000/006/original/texturas2-20-c3-a1lbum-20superior-20desprint.jpg"}', 'image'),
(7, '2014-11-03 14:09:09', '2014-11-03 14:09:09', 'texturas2-20-c3-a1lbum-20superior-20desprint.jpg', 'image/jpeg', 1119467, '2014-11-03 14:09:08', NULL, NULL, '{"thumb":"/system/rich/rich_files/rich_files/000/000/007/thumb/texturas2-20-c3-a1lbum-20superior-20desprint.jpg","rich_thumb":"/system/rich/rich_files/rich_files/000/000/007/rich_thumb/texturas2-20-c3-a1lbum-20superior-20desprint.jpg","original":"/system/rich/rich_files/rich_files/000/000/007/original/texturas2-20-c3-a1lbum-20superior-20desprint.jpg"}', 'image'),
(8, '2014-11-03 14:09:11', '2014-11-03 14:09:11', 'texturas3-20-c3-a1lbum-20superior-20desprint.jpg', 'image/jpeg', 1297106, '2014-11-03 14:09:10', NULL, NULL, '{"thumb":"/system/rich/rich_files/rich_files/000/000/008/thumb/texturas3-20-c3-a1lbum-20superior-20desprint.jpg","rich_thumb":"/system/rich/rich_files/rich_files/000/000/008/rich_thumb/texturas3-20-c3-a1lbum-20superior-20desprint.jpg","original":"/system/rich/rich_files/rich_files/000/000/008/original/texturas3-20-c3-a1lbum-20superior-20desprint.jpg"}', 'image'),
(9, '2014-11-03 14:12:20', '2014-11-03 14:12:20', 'texturas2-20-c3-a1lbum-20superior-20desprint.jpg', 'image/jpeg', 533005, '2014-11-03 14:12:19', NULL, NULL, '{"thumb":"/system/rich/rich_files/rich_files/000/000/009/thumb/texturas2-20-c3-a1lbum-20superior-20desprint.jpg","rich_thumb":"/system/rich/rich_files/rich_files/000/000/009/rich_thumb/texturas2-20-c3-a1lbum-20superior-20desprint.jpg","original":"/system/rich/rich_files/rich_files/000/000/009/original/texturas2-20-c3-a1lbum-20superior-20desprint.jpg"}', 'image'),
(10, '2014-11-03 14:12:21', '2014-11-03 14:12:21', 'texturas3-20-c3-a1lbum-20superior-20desprint.jpg', 'image/jpeg', 679868, '2014-11-03 14:12:19', NULL, NULL, '{"thumb":"/system/rich/rich_files/rich_files/000/000/010/thumb/texturas3-20-c3-a1lbum-20superior-20desprint.jpg","rich_thumb":"/system/rich/rich_files/rich_files/000/000/010/rich_thumb/texturas3-20-c3-a1lbum-20superior-20desprint.jpg","original":"/system/rich/rich_files/rich_files/000/000/010/original/texturas3-20-c3-a1lbum-20superior-20desprint.jpg"}', 'image'),
(11, '2014-11-03 14:16:04', '2014-11-03 14:16:04', 'texturas3-20-c3-a1lbum-20superior-20desprint.jpg', 'image/jpeg', 463604, '2014-11-03 14:16:03', NULL, NULL, '{"thumb":"/system/rich/rich_files/rich_files/000/000/011/thumb/texturas3-20-c3-a1lbum-20superior-20desprint.jpg","rich_thumb":"/system/rich/rich_files/rich_files/000/000/011/rich_thumb/texturas3-20-c3-a1lbum-20superior-20desprint.jpg","original":"/system/rich/rich_files/rich_files/000/000/011/original/texturas3-20-c3-a1lbum-20superior-20desprint.jpg"}', 'image'),
(12, '2014-11-03 14:16:05', '2014-11-03 14:16:05', 'texturas2-20-c3-a1lbum-20superior-20desprint.jpg', 'image/jpeg', 344776, '2014-11-03 14:16:03', NULL, NULL, '{"thumb":"/system/rich/rich_files/rich_files/000/000/012/thumb/texturas2-20-c3-a1lbum-20superior-20desprint.jpg","rich_thumb":"/system/rich/rich_files/rich_files/000/000/012/rich_thumb/texturas2-20-c3-a1lbum-20superior-20desprint.jpg","original":"/system/rich/rich_files/rich_files/000/000/012/original/texturas2-20-c3-a1lbum-20superior-20desprint.jpg"}', 'image'),
(13, '2014-11-11 18:00:52', '2014-11-11 18:00:52', 'texturas1-20web.jpg', 'image/jpeg', 2304001, '2014-11-11 18:00:49', NULL, NULL, '{"thumb":"/system/rich/rich_files/rich_files/000/000/013/thumb/texturas1-20web.jpg","rich_thumb":"/system/rich/rich_files/rich_files/000/000/013/rich_thumb/texturas1-20web.jpg","original":"/system/rich/rich_files/rich_files/000/000/013/original/texturas1-20web.jpg"}', 'image'),
(14, '2014-11-11 18:06:13', '2014-11-11 18:06:13', 'guia-20web.jpg', 'image/jpeg', 91420, '2014-11-11 18:06:12', NULL, NULL, '{"thumb":"/system/rich/rich_files/rich_files/000/000/014/thumb/guia-20web.jpg","rich_thumb":"/system/rich/rich_files/rich_files/000/000/014/rich_thumb/guia-20web.jpg","original":"/system/rich/rich_files/rich_files/000/000/014/original/guia-20web.jpg"}', 'image'),
(15, '2014-11-11 18:06:16', '2014-11-11 18:06:16', 'texturas1-20web.jpg', 'image/jpeg', 912525, '2014-11-11 18:06:14', NULL, NULL, '{"thumb":"/system/rich/rich_files/rich_files/000/000/015/thumb/texturas1-20web.jpg","rich_thumb":"/system/rich/rich_files/rich_files/000/000/015/rich_thumb/texturas1-20web.jpg","original":"/system/rich/rich_files/rich_files/000/000/015/original/texturas1-20web.jpg"}', 'image'),
(16, '2014-11-11 18:09:13', '2014-11-11 18:09:13', 'texturas1-20web.jpg', 'image/jpeg', 680653, '2014-11-11 18:09:12', NULL, NULL, '{"thumb":"/system/rich/rich_files/rich_files/000/000/016/thumb/texturas1-20web.jpg","rich_thumb":"/system/rich/rich_files/rich_files/000/000/016/rich_thumb/texturas1-20web.jpg","original":"/system/rich/rich_files/rich_files/000/000/016/original/texturas1-20web.jpg"}', 'image');

-- --------------------------------------------------------

--
-- Estructura de tabla para la tabla `schema_migrations`
--

CREATE TABLE IF NOT EXISTS `schema_migrations` (
  `version` varchar(255) COLLATE utf8_unicode_ci NOT NULL,
  UNIQUE KEY `unique_schema_migrations` (`version`)
) ENGINE=InnoDB DEFAULT CHARSET=utf8 COLLATE=utf8_unicode_ci;

--
-- Volcado de datos para la tabla `schema_migrations`
--

INSERT INTO `schema_migrations` (`version`) VALUES
('20140330180244'),
('20140330180248'),
('20140407162601'),
('20140606081641'),
('20140606112502'),
('20140611102829'),
('20140616084917'),
('20140616085757'),
('20140616090601'),
('20140616091655'),
('20140616102127'),
('20140617115456'),
('20140617143952'),
('20140617144332'),
('20140618083918'),
('20140618151300'),
('20140702161350'),
('20140702163107'),
('20140721150232'),
('20140822000000'),
('20140822092111'),
('20140825101909'),
('20141016144519'),
('20141017104833'),
('20141017122700'),
('20141023081236'),
('20141023120935'),
('20141023120936'),
('20141023120937'),
('20141113113127'),
('20141113114155'),
('20141113164821');

-- --------------------------------------------------------

--
-- Estructura de tabla para la tabla `taxonomies`
--

CREATE TABLE IF NOT EXISTS `taxonomies` (
  `id` int(11) NOT NULL AUTO_INCREMENT,
  `name` varchar(255) NOT NULL,
  `created_at` datetime NOT NULL,
  `updated_at` datetime NOT NULL,
  PRIMARY KEY (`id`)
) ENGINE=InnoDB  DEFAULT CHARSET=utf8 AUTO_INCREMENT=4 ;

--
-- Volcado de datos para la tabla `taxonomies`
--

INSERT INTO `taxonomies` (`id`, `name`, `created_at`, `updated_at`) VALUES
(1, 'Productos ', '2014-06-18 08:33:28', '2014-08-28 10:51:19'),
(3, 'Revelado fotos', '2014-08-28 10:52:27', '2014-08-28 10:59:52');

-- --------------------------------------------------------

--
-- Estructura de tabla para la tabla `taxons`
--

CREATE TABLE IF NOT EXISTS `taxons` (
  `id` int(11) NOT NULL AUTO_INCREMENT,
  `name` varchar(255) NOT NULL,
  `taxonomy_id` int(11) NOT NULL,
  `created_at` datetime NOT NULL,
  `updated_at` datetime NOT NULL,
  PRIMARY KEY (`id`),
  KEY `index_taxons_on_taxonomy_id` (`taxonomy_id`)
) ENGINE=InnoDB  DEFAULT CHARSET=utf8 AUTO_INCREMENT=14 ;

--
-- Volcado de datos para la tabla `taxons`
--

INSERT INTO `taxons` (`id`, `name`, `taxonomy_id`, `created_at`, `updated_at`) VALUES
(2, 'Álbum profesional', 1, '2014-06-18 08:39:00', '2014-09-05 11:07:22'),
(3, 'Foto regalo', 1, '2014-06-18 08:52:10', '2014-11-11 13:29:37'),
(4, 'Foto decoración', 1, '2014-08-05 07:38:37', '2014-09-18 23:46:30'),
(12, 'Accesorio álbums', 1, '2014-09-05 12:08:37', '2014-11-13 18:00:16'),
(13, 'Impresión fotográfica profesional', 3, '2014-09-18 12:06:31', '2014-09-18 12:06:31');

-- --------------------------------------------------------

--
-- Estructura de tabla para la tabla `uploads`
--

CREATE TABLE IF NOT EXISTS `uploads` (
  `id` int(11) NOT NULL AUTO_INCREMENT,
  `order_id` int(11) DEFAULT NULL,
  `created_at` datetime NOT NULL,
  `updated_at` datetime NOT NULL,
  `upload_file_name` varchar(255) DEFAULT NULL,
  `upload_content_type` varchar(255) DEFAULT NULL,
  `upload_file_size` int(11) DEFAULT NULL,
  `upload_updated_at` datetime DEFAULT NULL,
  PRIMARY KEY (`id`),
  KEY `index_uploads_on_order_id` (`order_id`)
) ENGINE=InnoDB  DEFAULT CHARSET=utf8 AUTO_INCREMENT=6 ;

-- --------------------------------------------------------

--
-- Estructura de tabla para la tabla `vat_types`
--

CREATE TABLE IF NOT EXISTS `vat_types` (
  `id` int(11) NOT NULL AUTO_INCREMENT,
  `created_at` datetime NOT NULL,
  `updated_at` datetime NOT NULL,
  `name` varchar(255) DEFAULT NULL,
  `percentage` decimal(4,2) NOT NULL,
  PRIMARY KEY (`id`)
) ENGINE=InnoDB  DEFAULT CHARSET=utf8 AUTO_INCREMENT=2 ;

--
-- Volcado de datos para la tabla `vat_types`
--

INSERT INTO `vat_types` (`id`, `created_at`, `updated_at`, `name`, `percentage`) VALUES
(1, '2014-11-13 17:36:17', '2014-11-13 17:36:17', 'IVA normal', 21.00);
COMMIT;

